ulate j(b).
40
Suppose -6*h + 14 = -5*h. Let d(f) = -494*f**2 + f**3 + 239*f**2 + 0*f**3 + 241*f**2. Determine d(h).
0
Let j(a) = a**2 - 7*a - 10. Let u be 11 + -2 + (4/(-2))/((-34)/(-51)). Determine j(u).
-16
Let j be 28 + -20 + 3/(-1). Let u = j - 1. Suppose u*v = d + 15, 2*d + 0*v = 3*v - 15. Let h(y) = y**3 + 4*y**2 - 2*y - 4. Calculate h(d).
11
Let p(u) = -2*u**2 - 2*u + 5. Suppose 2*l - h - 1740 = -1724, 2*l = -5*h - 20. Determine p(l).
-55
Let j(h) be the first derivative of h**2/2 + 2*h + 1. Let o = 2640 + -2639. Let q(g) = -1. Let u(i) = o*j(i) - 5*q(i). What is u(-3)?
4
Let b(q) be the second derivative of -1/3*q**3 + 4*q**2 + q - 15. What is b(-8)?
24
Suppose 16*c = 9*c. Let k(o) = -121*o + 56. Let y(v) = -52*v + 28. Let i(d) = 3*k(d) - 7*y(d). Calculate i(c).
-28
Let g(w) be the first derivative of w**4/4 - 2*w**3/3 - 2*w**2 + w - 3946. Calculate g(3).
-2
Let y(w) = 3*w - 46. Let a be y(15). Let n be (-11 + (-12)/(-3))*a. Let x(l) = -l**3 + 8*l**2 - 5*l - 10. Give x(n).
4
Let f(j) = -20*j + 370. Let g(z) = 11*z - 183. Let a(n) = -2*f(n) - 5*g(n). Calculate a(12).
-5
Let z(w) be the first derivative of -w**3/3 + 11*w - 8. Let o = -73 + 76. Suppose 2*i - q + o - 2 = 0, -5*q + 5 = -4*i. Give z(i).
11
Let d(z) = -663*z**2 + 3*z - 4. Let c(f) = -829*f**2 + 3*f - 5. Let l(s) = 4*c(s) - 5*d(s). Calculate l(-5).
-10
Let n(v) = 3*v + 12. Let r(u) = 16*u + 72. Let c(h) = 5*n(h) - r(h). Determine c(5).
-17
Let m(i) = -71*i + 151. Let d(p) = -27*p + 49. Let l(y) = 17*d(y) - 6*m(y). Calculate l(-2).
-7
Let v(x) be the third derivative of -x**6/360 - x**5/30 + 5*x**4/6 + 2*x**3/3 - 23*x**2 + 5. Let g(k) be the second derivative of v(k). Determine g(-7).
10
Let g = 25595 - 25590. Let y(z) = -z**3 + 2*z**2 + 10*z + 23. Give y(g).
-2
Let o(y) be the first derivative of -y**4/12 + 13*y**3/6 + 3*y**2/2 - 84*y + 65. Let l(j) be the first derivative of o(j). Give l(13).
3
Suppose -10*d = -7*d - h - 60, 5*h + 48 = 3*d. Let s(o) = -o**2 + 20*o + 25. Calculate s(d).
4
Let g(z) = z - 1. Let v be g(-5). Let m(w) = -15*w**3 + 98*w**2 + 98*w + 420. Let n(j) = -j**3 + 7*j**2 + 7*j + 29. Let u(q) = 2*m(q) - 29*n(q). Calculate u(v).
5
Let l(x) be the first derivative of 5*x**4/24 - x**3/6 + x**2 + 11*x + 224. Let t(h) be the second derivative of l(h). What is t(4)?
19
Let o(t) = -t**2 - 2*t + 18. Suppose 0 = f + 1251 - 1255. Let r be o(f). Let c(a) = -a**3 - 6*a**2 + 8*a + 6. What is c(r)?
-42
Let t(q) = 2*q + 6. Let m(r) = -3*r + 30. Let a(z) = -2*z + 21. Let n(p) = -7*a(p) + 5*m(p). Let d be n(9). Determine t(d).
-6
Suppose -1304*j + 767*j = 1074. Let x(l) = l - 3*l - 4 + 8. Give x(j).
8
Let s be -2 + 9/((-30)/34 - ((-3048)/102 - -30)). Let m(x) = -3 + x - 2 + 20. Give m(s).
4
Let a(n) be the third derivative of n**4/6 - 3*n**3/2 + n**2 + 92*n. Let m(z) = -8*z + 21. Let l(d) = 9*a(d) + 4*m(d). Determine l(-5).
-17
Let n(b) = b - 9. Let p(q) = -2*q + 27. Let h(j) = 3*n(j) + p(j). Suppose 0 = -5*z + 4*u - 16, 2*u = -5*z + u + 4. Suppose 0*k + 2*k = z. Give h(k).
0
Suppose 7*u = 2*u + 3*j + 6, 2*u = 2*j. Let p(f) = 14*f**3 - 9*f - 39*f**3 + 26*f**u. Give p(-3).
0
Suppose 40*p + 12 = 44*p. Let y(n) = -4*n + 456*n**2 - 6 + n**p - 913*n**2 + 452*n**2. Give y(6).
6
Let d(s) = -2*s**2 + 3*s - 3. Let q = -417 - -413. Let b(a) = -11*a - 42. Let r be b(q). What is d(r)?
-5
Let b = -11 - -11. Suppose b = 11*j - 13*j - 10. Let h(o) be the first derivative of -o**4/4 - 2*o**3 - 3*o**2 - 35. Give h(j).
5
Suppose -23 = 57*a + 34. Let f(z) = 8*z**2 + 1. Determine f(a).
9
Let f(c) = c - 6. Suppose -8 = 6*q - 140. Suppose 3*x - 2*v - 8 = 0, 2*x - 17*v + q*v = 37. Give f(x).
0
Let z(k) = -2*k**2 + 2*k + 6. Let x(n) = 4*n + 9. Let q be x(-4). Let m(r) = 2*r + 125*r**2 - 3 - 2*r - r - 124*r**2. Let y(f) = q*m(f) - 3*z(f). Give y(0).
3
Let k be ((-8)/(-6))/(12/(-18))*-2. Let f be 11/k - (-2)/8. Let q(n) = n**2 - 3*n. Give q(f).
0
Let g = -47 + 79. Suppose -g*i - 110 = -21*i. Let p(c) = c**2 + 8*c - 14. What is p(i)?
6
Let z(f) = -138*f - 136*f + 399*f - 126*f + 10*f**2 - 1. Give z(-2).
41
Let z(u) = -2*u**2 - u + 4. Let f(g) = 22*g - 205. Let o(n) = -21*n + 214. Let c(l) = -3*f(l) - 2*o(l). Let i be c(8). Determine z(i).
-41
Suppose 0 = -4*o - 9 - 7. Let q(r) be the first derivative of -2*r + 1/4*r**4 - 1/2*r**2 - 275 + 4/3*r**3. What is q(o)?
2
Suppose -45 = -4*r + r. Let l be (25/r)/((-1)/12). Let f = -21 - l. Let w(h) = -5*h**2 - h - 1. What is w(f)?
-5
Let d(a) = -a - a - 8 + 0*a. Let i = -776 + 395. Let l = i - -375. Calculate d(l).
4
Let q(p) = 5*p**3 - 2*p - 6. Let f be (0/(-10))/(1*4). Let y be q(f). Let a(x) be the first derivative of 3*x**2/2 + 4*x + 2. Determine a(y).
-14
Let r(h) = -2*h**2 + 2*h + 7. Let u(m) = -3*m**2 - m + 18. Let p(c) = 2*r(c) - u(c). Let v be (-54)/12*(-32)/6. Suppose -v = -2*l - 2*l. Calculate p(l).
-10
Suppose 42 = -5*u + 2*k, 4*u - 2*u + 17 = k. Let l(s) = s - 1. Let h(z) = 4*z + 4. Suppose -n - 3 = -6. Let w(y) = n*l(y) - h(y). What is w(u)?
1
Let f be 304/96 + 1/(-6). Let k(m) = -8*m + 9. Let x be 2 - 1 - -3 - 2. Let s(g) = -g + 1. Let j(b) = x*k(b) - 14*s(b). Calculate j(f).
-2
Let j(y) be the third derivative of y**5/12 - 7*y**4/3 + 5*y**3/3 + 6028*y**2. Give j(11).
-1
Let k(l) = 7*l**2 + 7*l + 15. Let r(n) = -3*n**2 - 3*n - 6. Let p(i) = -2*k(i) - 5*r(i). What is p(-4)?
12
Suppose 4*m = 3*s, 0*s + 5*s + 5*m = 0. Suppose -j - 3*j = -a, s = 3*a + j. Let o(g) = 5*g - 2*g**2 + a*g**2 + 1 - 1. Calculate o(4).
-12
Let l be -57 + 1 + 10 + -7. Let n = l + 59. Let x(d) = -n - d + d - 2*d. Determine x(-7).
8
Suppose 0 = -y - 4*n - 17, -y + n = -3. Let k(r) be the third derivative of 16*r**2 + 0 + 0*r + 1/8*r**4 + 0*r**3. Give k(y).
-3
Let j(i) = 7*i**2 + 18*i + 13. Let o(b) = b**2 + b + 2. Let z(w) = j(w) - 6*o(w). What is z(-9)?
-26
Let j(h) = -11*h - 25. Let q(i) = 5*i + 12. Let t(s) = 2*j(s) + 5*q(s). Let l be 7/(-6)*(-36)/(-6). What is t(l)?
-11
Let i(r) = -15*r - 103. Let j be (-102*22/231 - (-2)/(-7)) + 3. What is i(j)?
2
Let g(d) = 5*d + 7. Let j be g(-1). Suppose -l + j*l - 17 = 0. Let s(z) = 16*z + 14*z - 7 + l*z - 46*z. What is s(-7)?
-14
Suppose 104*n + 2 = 105*n. Let f(t) = -5*t**2 + 6*t**2 - 3*t + 0*t**2 + t**n + 1. Calculate f(3).
10
Suppose 10*x + 19 = 179. Suppose 2*j - 19*z - 21 = -x*z, 0 = -j - 3*z - 3. Let c(a) = -a**3 + 4*a**2 + 6*a - 1. What is c(j)?
-37
Let j = 1 - -3. Let h(m) = m + 5. Let z(i) = -3. Let x(d) = 6*h(d) + 10*z(d). Let p(o) = 13*o + 1. Let b(l) = j*p(l) - 9*x(l). What is b(4)?
-4
Let y(u) = -u**3 + 8*u - 2. Suppose 368*b + 1 = 372*b - 11. What is y(b)?
-5
Let o(i) be the third derivative of -i**4/24 + i**3/6 - 37*i**2. Let r be o(-2). Let a(u) = -4*u + 4 + 56*u**3 - 29*u**3 - 3*u**2 - 26*u**3. Determine a(r).
-8
Let q = -5 - -2. Let p be 2/(-2)*(q - 3). Let w(m) = 13*m**2 - m + 24. Let a(i) = 5*i**2 - i + 9. Let u(y) = -8*a(y) + 3*w(y). Determine u(p).
-6
Let i(t) = 2*t**2 + 3*t**2 - 7*t + 5 - t**3 + 1. Let j be i(4). Let d(n) be the second derivative of -n**4/12 - 4*n**3/3 + n**2 - 30*n + 6. What is d(j)?
14
Let x(j) be the first derivative of -j**5/30 + 5*j**4/24 + 2*j**3/3 - 45*j + 37. Let u(i) be the third derivative of x(i). Calculate u(5).
-15
Let g = -228 + 235. Let v be (g + -21)/(-2 + 0). Let m(w) = 8*w**2 - 2 - w**3 - 1 - 6*w - 4. What is m(v)?
0
Let c(x) be the third derivative of -x**6/24 - x**5/60 + x**4/24 - x**3/2 + 68*x**2 + 16. What is c(0)?
-3
Let c(m) = 26*m - 53. Let n(v) = -v - 42. Let y(x) = -c(x) + n(x). Give y(1).
-16
Let y(o) = o**3 - 9*o**2 + 8*o - 6. Suppose 0*d = -2*p + 4*d - 12, -5*p - 5*d + 45 = 0. Let h be ((4 + p)/(-2) - 1) + 13. Determine y(h).
-6
Let v(m) = m**3 + 12*m**2 + 28*m + 6. Suppose 5*p = 6 - 51. Let i be v(p). Let s(x) = -x - 4. Give s(i).
-1
Let k(o) be the second derivative of -o**4/2 + 19*o**3/2 + 9*o**2 + 3173*o. What is k(9)?
45
Let u(k) = -4*k - 24. Let v be u(-7). Suppose 0 = 4*a + v - 28. Suppose 19 + a = 5*j. Let h(i) = -i**2 + 6*i - 2. Determine h(j).
3
Let s = 19 + -25. Let g(j) be the first derivative of -j**3/3 - 4*j**2 - 15*j - 34. Calculate g(s).
-3
Let u(x) = -5*x - 7. Let t(w) be the second derivative of w**3/6 + w**2 - 24*w. Let b(d) = 12*t(d) + 3*u(d). Determine b(-5).
18
Suppose 2*g = -4 - 0. Let b(v) = -2*v + 20. Suppose -5*l + 5*o = 55, 43 - 46 =